ivisor of 18 and 9081?
9
What is the greatest common divisor of 300 and 26700?
300
Calculate the greatest common divisor of 69 and 2208.
69
What is the highest common divisor of 4070 and 55?
55
What is the highest common divisor of 36 and 28?
4
What is the greatest common divisor of 5764 and 44?
44
Calculate the highest common divisor of 8 and 40.
8
Calculate the greatest common divisor of 1331 and 121.
121
What is the highest common divisor of 8046 and 745?
149
Calculate the highest common factor of 203 and 29.
29
Calculate the highest common factor of 5620 and 40.
20
What is the highest common factor of 808 and 24?
8
What is the greatest common factor of 1869 and 63?
21
Calculate the highest common divisor of 9 and 81.
9
Calculate the greatest common divisor of 259 and 74.
37
Calculate the highest common factor of 2278 and 68.
34
What is the highest common factor of 360 and 200?
40
What is the highest common divisor of 44 and 572?
44
Calculate the greatest common divisor of 52 and 19396.
52
Calculate the highest common factor of 611 and 13.
13
What is the greatest common divisor of 91 and 21?
7
Calculate the highest common divisor of 55 and 80.
5
Calculate the highest common divisor of 58 and 336.
2
Calculate the greatest common factor of 24 and 9464.
8
Calculate the highest common factor of 93 and 54.
3
What is the greatest common divisor of 9019 and 87?
29
Calculate the greatest common divisor of 282 and 4324.
94
What is the greatest common divisor of 6640 and 1494?
166
Calculate the highest common divisor of 3440 and 20.
20
What is the greatest common factor of 10 and 2260?
10
What is the greatest common factor of 1232 and 7?
7
Calculate the greatest common divisor of 170 and 2.
2
What is the highest common divisor of 6 and 618?
6
Calculate the greatest common factor of 63 and 576.
9
What is the greatest common factor of 15 and 309?
3
Calculate the highest common factor of 23 and 7.
1
What is the highest common factor of 72 and 18?
18
Calculate the greatest common divisor of 756 and 13797.
189
Calculate the greatest common factor of 1722 and 42.
42
What is the highest common factor of 124 and 1178?
62
What is the greatest common factor of 3743 and 19?
19
What is the highest common divisor of 132 and 5049?
33
Calculate the greatest common factor of 42 and 30198.
42
Calculate the highest common factor of 2010 and 690.
30
Calculate the highest common divisor of 264 and 308.
44
What is the greatest common divisor of 41 and 3321?
41
Calculate the greatest common factor of 2299 and 627.
209
Calculate the highest common divisor of 2048 and 16.
16
What is the highest common divisor of 756 and 98?
14
Calculate the greatest common factor of 12 and 1998.
6
What is the greatest common divisor of 1116 and 434?
62
What is the highest common factor of 54 and 18432?
18
What is the greatest common factor of 154 and 352?
22
Calculate the greatest common divisor of 210 and 30.
30
What is the highest common factor of 5336 and 290?
58
Calculate the highest common factor of 48 and 1146.
6
What is the highest common factor of 48 and 912?
48
Calculate the highest common factor of 40 and 3160.
40
What is the highest common divisor of 13057 and 33?
11
What is the greatest common factor of 625 and 15?
5
What is the highest common divisor of 459 and 17?
17
What is the highest common factor of 1064 and 1178?
38
Calculate the greatest common factor of 38 and 6859.
19
What is the highest common factor of 62 and 3503?
31
Calculate the greatest common divisor of 9864 and 72.
72
Calculate the highest common divisor of 286 and 352.
22
What is the greatest common divisor of 340 and 3604?
68
Calculate the highest common divisor of 3029 and 13.
13
What is the greatest common divisor of 750 and 50?
50
Calculate the highest common factor of 2670 and 750.
30
What is the highest common divisor of 1419 and 462?
33
Calculate the greatest common divisor of 770 and 140.
70
Calculate the highest common factor of 693 and 154.
77
What is the greatest common factor of 176 and 352?
176
What is the highest common divisor of 204 and 1700?
68
What is the highest common divisor of 480 and 416?
32
Calculate the highest common divisor of 36 and 5391.
9
Calculate the highest common factor of 30074 and 11.
11
What is the highest common divisor of 4590 and 216?
54
What is the highest common divisor of 98 and 266?
14
What is the greatest common factor of 36 and 7188?
12
What is the greatest common factor of 1917 and 27?
27
What is the greatest common factor of 30 and 1510?
10
What is the highest common divisor of 930 and 6696?
186
Calculate the highest common divisor of 63 and 819.
63
What is the highest common divisor of 55 and 66?
11
Calculate the highest common divisor of 47 and 1927.
47
What is the greatest common divisor of 146 and 4?
2
Calculate the greatest common factor of 22128 and 16.
16
Calculate the greatest common factor of 7651 and 7.
7
What is the highest common divisor of 10 and 135?
5
Calculate the highest common factor of 128 and 992.
32
What is the greatest common divisor of 110 and 176?
22
Calculate the greatest common divisor of 55 and 88.
11
Calculate the greatest common factor of 3441 and 93.
93
Calculate the highest common factor of 12 and 180.
12
What is the greatest common factor of 4564 and 112?
28
Calculate the highest common divisor of 10224 and 71.
71
Calculate the greatest common divisor of 2 and 484.
2
What is the highest common divisor of 16 and 13576?
8
Calculate the highest common factor of 110 and 462.
22
Calculate the highest common divisor of 814 and 296.
74
What is the highest common divisor of 42 and 63?
21
Calculate the greatest common factor of 63 and 98.
7
What is the highest common divisor of 1372 and 28?
28
Calculate the greatest common divisor of 759 and 23.
23
What is the greatest common factor of 264 and 11?
11
Calculate the highest common divisor of 90 and 72.
18
What is the highest common divisor of 2013 and 132?
33
What is the greatest common factor of 8 and 4744?
8
Calculate the highest common divisor of 1144 and 416.
104
What is the greatest common factor of 165 and 220?
55
What is the greatest common factor of 3 and 60?
3
What is the greatest common divisor of 34 and 9979?
17
Calculate the greatest common divisor of 46 and 598.
46
Calculate the greatest common divisor of 27 and 909.
9
What is the highest common divisor of 624 and 48?
48
What is the highest common factor of 17941 and 21?
7
What is the greatest common factor of 4480 and 50?
10
What is the highest common factor of 154 and 88?
22
What is the greatest common factor of 36 and 180?
36
Calculate the highest common divisor of 105 and 1005.
15
What is the greatest common factor of 16 and 328?
8
Calculate the greatest common factor of 16 and 20.
4
Calculate the greatest common factor of 20 and 25.
5
What is the greatest common factor of 235 and 10?
5
Calculate the highest common divisor of 3 and 13512.
3
What is the highest common factor of 42066 and 114?
114
What is the greatest common factor of 266 and 56?
14
What is the greatest common divisor of 18 and 22?
2
Calculate the highest common factor of 3 and 141.
3
What is the highest common factor of 184 and 1928?
8
Calculate the greatest common factor of 9 and 288.
9
What is the greatest common divisor of 48 and 900?
12
What is the highest common divisor of 27 and 153?
9
Calculate the greatest common factor of 816 and 48.
48
What is the highest common divisor of 30 and 760?
10
What is the highest common factor of 22 and 143?
11
Calculate the highest common divisor of 99 and 22.
11
Calculate the highest common factor of 120 and 135.
15
Calculate the highest common factor of 8 and 30672.
8
Calculate the highest common divisor of 28 and 1134.
14
What is the highest common divisor of 168 and 2604?
84
What is the highest common factor of 850 and 391?
17
What is the highest common factor of 304 and 228?
76
Calculate the greatest common divisor of 286 and 6149.
143
What is the highest common divisor of 62 and 589?
31
Calculate the greatest common factor of 289 and 629.
17
What is the highest common factor of 901 and 636?
53
Calculate the greatest common divisor of 4250 and 1375.
125
Calculate the highest common factor of 91 and 27638.
13
Wha